s 44982851 prime?
True
Is 72163913 a prime number?
True
Is 47920231 composite?
True
Is 210832819 prime?
True
Is 183662821 composite?
True
Is 79394171 prime?
True
Is 27241897 composite?
False
Is 1012591 a prime number?
True
Is 189501241 a prime number?
True
Is 8605433 a prime number?
True
Is 356403545 a composite number?
True
Is 17045209 a prime number?
True
Is 2876411 composite?
False
Is 17717977 a prime number?
False
Is 8180521 a prime number?
True
Is 324377839 a composite number?
False
Is 17326061 a composite number?
True
Is 156535 prime?
False
Is 11196359 a composite number?
False
Is 15272839 a prime number?
True
Is 338302 a prime number?
False
Is 15867233 prime?
True
Is 74955139 a composite number?
True
Is 927491 prime?
True
Is 10230937 a prime number?
True
Is 1063079 a composite number?
False
Is 27317909 composite?
False
Is 7884911 composite?
True
Is 146538053 a prime number?
True
Is 1521973 a prime number?
True
Is 12496001 a prime number?
False
Is 35449727 composite?
True
Is 6581807 prime?
True
Is 1865999 a composite number?
False
Is 119442593 prime?
True
Is 1314539 prime?
True
Is 1041999901 composite?
False
Is 1151807 a prime number?
True
Is 653083 a prime number?
True
Is 356295649 a composite number?
False
Is 30271099 composite?
True
Is 6643777 a composite number?
True
Is 7294567 composite?
True
Is 21888727 a composite number?
True
Is 108796309 a prime number?
True
Is 1311359 a composite number?
True
Is 127967933 a composite number?
False
Is 1334881 composite?
False
Is 20612369 a prime number?
True
Is 16155521 prime?
False
Is 39544487 composite?
True
Is 3675583 a composite number?
False
Is 146947663 composite?
True
Is 17887783 a composite number?
True
Is 136653589 composite?
False
Is 1627333 a prime number?
True
Is 17007503 a composite number?
False
Is 60984349 composite?
False
Is 16854307 composite?
True
Is 26265599 prime?
False
Is 1249933 a prime number?
False
Is 5115067 a prime number?
True
Is 43750727 a prime number?
True
Is 2368241 prime?
False
Is 420389 prime?
False
Is 1885753 a prime number?
True
Is 15108221 prime?
True
Is 62197213 composite?
True
Is 668777 a composite number?
True
Is 61980211 a composite number?
False
Is 2448427 a prime number?
True
Is 207617 composite?
True
Is 355610603 composite?
False
Is 8567941 prime?
False
Is 14488157 a prime number?
False
Is 236365949 prime?
True
Is 10538005 a prime number?
False
Is 67485193 a composite number?
False
Is 24156199 prime?
True
Is 485058541 a composite number?
True
Is 264768653 composite?
False
Is 23529497 composite?
True
Is 169447 composite?
True
Is 15604201 a prime number?
False
Is 720391 composite?
True
Is 19009951 prime?
False
Is 1744781 a composite number?
True
Is 2261597 a composite number?
True
Is 213295747 prime?
False
Is 11542907 composite?
False
Is 5624317 composite?
False
Is 10861231 prime?
False
Is 121535209 a composite number?
True
Is 11779837 prime?
True
Is 3951355 a composite number?
True
Is 293609 a composite number?
True
Is 1298771 composite?
False
Is 8428973 a composite number?
True
Is 103228861 a prime number?
True
Is 128019323 a composite number?
False
Is 67463131 a prime number?
False
Is 30212633 prime?
False
Is 325949 composite?
True
Is 11201947 a composite number?
False
Is 333342833 composite?
True
Is 2016919 composite?
False
Is 10973161 prime?
False
Is 1597889 a composite number?
True
Is 48415457 prime?
False
Is 91591 composite?
False
Is 792510923 a prime number?
False
Is 197866909 a prime number?
True
Is 10806959 a prime number?
True
Is 4940381 prime?
True
Is 11169031 prime?
False
Is 4084757 a prime number?
True
Is 734901859 a composite number?
False
Is 14302465 prime?
False
Is 12434011 a prime number?
False
Is 655216163 a composite number?
True
Is 38027939 a prime number?
True
Is 9301121 composite?
False
Is 1301169 a prime number?
False
Is 85823009 prime?
True
Is 3526427 a prime number?
True
Is 2704159 a prime number?
False
Is 447515507 composite?
False
Is 1361329 a composite number?
True
Is 3500207 a composite number?
False
Is 66801047 composite?
True
Is 1124951 a composite number?
False
Is 1380494141 composite?
True
Is 1600327 prime?
False
Is 385554779 composite?
True
Is 13753591 a prime number?
True
Is 352616387 a composite number?
True
Is 20575241 composite?
False
Is 21421381 a prime number?
False
Is 524243657 a prime number?
False
Is 1030643 composite?
False
Is 181479073 a composite number?
True
Is 506118947 composite?
False
Is 46376641 composite?
True
Is 296437 prime?
True
Is 308513 composite?
True
Is 2139703 prime?
False
Is 920423 a prime number?
False
Is 676897709 a composite number?
False
Is 14622677 composite?
True
Is 6395299 prime?
True
Is 6284389 a prime number?
True
Is 4911311 a prime number?
True
Is 31511333 prime?
False
Is 9219563 prime?
False
Is 375409 composite?
True
Is 7584583 a composite number?
True
Is 475750337 a prime number?
True
Is 281063 a composite number?
False
Is 5489593 a prime number?
True
Is 69336733 composite?
False
Is 157595245 a composite number?
True
Is 910031 prime?
True
Is 95271305 a composite number?
True
Is 1816091 a composite number?
False
Is 6849203 a composite number?
True
Is 7794737 a prime number?
True
Is 72864383 a composite number?
True
Is 22540741 a prime number?
False
Is 4034179 a prime number?
False
Is 600391042 composite?
True
Is 1040573 a prime number?
False
Is 102252383 a composite number?
False
Is 21980029 a composite number?
False
Is 588224167 prime?
True
Is 58254923 composite?
False
Is 46076155 a composite number?
True
Is 27071261 a composite number?
True
Is 982643 prime?
True
Is 6035119 a composite number?
True
Is 6262583 a composite number?
True
Is 17733803 a prime number?
True
Is 2695489 composite?
True
Is 2400863 composite?
False
Is 194063231 a composite number?
False
Is 1729991 composite?
True
Is 157639877 composite?
False
Is 867527 composite?
True
Is 311603 a prime number?
True
Is 41594185 a prime number?
False
Is 425421497 a composite number?
True
Is 58381127 a composite number?
True
Is 6629351 composite?
False
Is 2291293 a prime number?
False
Is 998971 a composite number?
True
Is 20837617 a prime number?
False
Is 74214941 prime?
True
Is 243150227 composite?
True
Is 7055203 a composite number?
False
Is 43443319 a composite number?
False
Is 782794 composite?
True
Is 13674013 prime?
False
Is 64431977 prime?
True
Is 51388091 a composite number?
False
Is 64210403 a composite number?
True
Is 24715393 a prime number?
True
Is 2290595 a composite number?
True
Is 464819 a prime number?
True
Is 23560753 prime?
True
Is 54325346 a composite number?
True
Is 50431853 a composite number?
True
Is 3529889 a composite number?
True
Is 78272837 prime?
False
Is 12057923 prime?
False
Is 2400361 prime?
False
Is 363211 prime?
True
Is 234959 a composite number?
False
Is 23800669 composite?
False
Is 442873955 composite?
True
Is 2345953 a composite number?
False
Is 3110741 a prime number?
True
Is 235757 a prime number?
False
Is 356309 a composite number?
True
Is 5966993 prime?
True
Is 2089783 prime?
False
Is 8744713 composite?
True
Is 68390159 composite?
False
Is 6441977 composite?
False
Is 9543383 a prime number?
False
Is 140098045 a composite number?
True
Is 480703 a prime number?
False
Is 28355933 prime?
False
Is 6545423 prime?
True
Is 59949179 prime?
False
Is 170394967 a composite number?
False
Is 18778297 prime?
True
Is 642753385 a composite number?
True
Is 1590893 prime?
True
Is 13747637 composite?
True
Is 16811617 a prime number?
False
Is 9696911 a prime number?
False
Is 29618711 a composite number?
False
Is 1195979 prime?
True
Is 7521821 a composite number?
False
Is 91367 prime?
True
Is 62497283 a prime number?
False
Is 40823113 composite?
True
Is 4472497 a composite number?
False
Is 9075611 prime?
False
Is 2692493 composite?
False
Is 8693599 composite?
True
Is 113022881 a prime number?
False
Is 27487807 composite?
False
Is 631417 composite?
True
Is 102526289 prime?
True
Is 112787 a prime number?
True
Is 19805629 a composite number?
True
Is 223403 a composite number?
False
Is 810479 a prime number?
False
Is 12550371 prime?
False
Is 27241387 composite?
True
Is 9882007 prime?
False
Is 14024282 a composite number?
True
Is 80559887 a composite number?
False
Is 3155879 a prime number?
False
Is 85177679 compo